287, 4*y + 3*v = 281. List the prime factors of y.
2, 17
Let d(g) = 2*g**2 - 5*g + 4. Suppose 5*u + 16 = -4*f, f + 4*f = -4*u - 11. Let z be -2*(2 - (-14)/u). What are the prime factors of d(z)?
7
Let d = -9 + 15. Suppose 0*q - d = -3*q. Suppose -5*u + q*u = 4*y - 50, -2 = u. List the prime factors of y.
2, 7
Let x(d) = d - 4. Let j be x(7). Suppose -j - 2 = -n. Let h = 8 - n. List the prime factors of h.
3
Let t = -18 - -43. What are the prime factors of t?
5
Let v = -8 + 17. Let o = 11 - v. What are the prime factors of 0 + -2*(o + -7)?
2, 5
Let v(i) = 5*i**2 - 4*i. Let p(f) = 4*f**2 - 4*f - 1. Let t(j) = 4*p(j) - 3*v(j). Let u be t(6). What are the prime factors of -15*u/(-10)*1?
2, 3
Let o be 14 + -10 + -1 + 0. Let w(m) = 2*m**2. What are the prime factors of w(o)?
2, 3
Let n = 4 - 3. List the prime factors of (-285)/(-12) - n/(-4).
2, 3
Let j(c) be the third derivative of c**6/60 + c**3/6 + 3*c**2. What are the prime factors of j(1)?
3
Let m = -41 - -8. Let i = 0 - m. What are the prime factors of i?
3, 11
Suppose -3*b = 3*q + 3, -4*b - 4 - 4 = 3*q. Suppose -3*a = -q*a + 1. List the prime factors of (3 - -9) + (a - 1).
2, 3
Let s(c) = c + 13. Let b = 24 + -15. Let y be s(b). Let q = 36 - y. What are the prime factors of q?
2, 7
Let q = -1 + -6. What are the prime factors of 12/(-42) - 128/q?
2, 3
Let t(f) = f**2 + 15*f + 22. What are the prime factors of t(-15)?
2, 11
Let c = 8 + -4. Suppose -3*v - 5 = 5*x - 81, -8 = -c*v. List the prime factors of x.
2, 7
Let x(l) = 6*l - 1. Let z = 2 + 0. List the prime factors of x(z).
11
Let k = 4 - 1. Suppose -2*l = -k*i - 18, -9 = 2*l - 3*l - 5*i. What are the prime factors of l?
3
Suppose -175 = -9*s + 734. What are the prime factors of s?
101
Let n(k) be the second derivative of k**4/12 + k**3/3 - 7*k**2/2 - 3*k. What are the prime factors of n(-5)?
2
Let z = -5 + -1. Let h(b) = 4*b**3 + 8*b**2 - 7*b + 8. Let g(q) = q**3 + q**2 - q. Let x(j) = 3*g(j) - h(j). List the prime factors of x(z).
2
Let o(m) = -6*m + 1. Suppose k + k - 35 = -3*q, -2*k + 5*q = 5. Suppose -3*w + 2*w + 14 = -3*s, 5*w - 3*s - k = 0. What are the prime factors of o(w)?
7
List the prime factors of 321/(((-15)/(-2))/5).
2, 107
Suppose 2*i + 4*r = -8, -5*i + 2*r + 2*r = -22. Suppose -i*y + 54 = 3*u - 7*y, 0 = 5*y. What are the prime factors of u?
2, 3
List the prime factors of (-3)/(9/24)*(-225)/10.
2, 3, 5
Let g be ((-6)/(-15))/((-1)/(-5)). Suppose 0 = -g*w + 5*u - 18, -3*w = w - 2*u + 4. List the prime factors of (-18 + w + 1)/(-2).
2
Let k = 9 + -4. Suppose 15 = -2*m + k*m. List the prime factors of m.
5
Let r(x) = -x**2 + 7*x + 7. Let b(p) = 2*p + 2. Let j be b(2). Let d be r(j). Suppose -2*z + 28 = 5*k - 7, z + k - d = 0. List the prime factors of z.
2, 5
Suppose -3*z - z + 2*x = 136, 2*x = -5*z - 188. Let f be 2 - z - (-4)/2. Suppose -2*q + f = 3*q. List the prime factors of q.
2
Let s = 2 + -2. Suppose -5*z + 50 = -s*z. What are the prime factors of z?
2, 5
Suppose -n + 2 = 2*h - 0, -h + 3 = n. List the prime factors of 0 + (-3 + 0)*h.
3
Let t(d) = d + 10. What are the prime factors of t(-2)?
2
Let z(c) be the second derivative of c**5/20 + c**3/3 - 3*c**2/2 - 6*c. List the prime factors of z(2).
3
Let w(v) = -2*v + 2. Let i be w(-2). Suppose 0 = -n + i - 2. Suppose q = 5*t - 40, n*t - 32 = -0*t + q. What are the prime factors of t?
2
List the prime factors of 129 - ((-48)/(-14) - 21/49).
2, 3, 7
Let k = 5 - 1. Suppose 3*b + w = 17, -k = 5*w + 16. List the prime factors of b.
7
Let a be 4/((-12)/9 - -2). Suppose d - a = -1. Suppose 5*m + 2 = g - 5, d*m - 5 = -5*g. What are the prime factors of g?
2
Let u be (-18)/(-3 - 0) - 3. Suppose 0 = -2*d - 3*d + 15. Suppose -d*i - 4*p + 7 = -1, u*i + p - 20 = 0. What are the prime factors of i?
2
Let f be (-4)/(-6) - (-302)/6. Suppose -2*h - x = -f, -h = -4*h + 5*x + 44. List the prime factors of h.
23
Suppose -3*y + 2*b + 42 = -2*b, -b = -5*y + 53. Suppose -115 = -4*d + 3*u - y, -3*d - 5*u = -57. List the prime factors of d.
2, 3
Let o(d) = d**3 - 3*d**2 - 3*d + 1. Let n be o(4). Suppose 0 = -n*f + 2*x + 76, 0*x - x = -3*f + 45. Let w = -5 + f. List the prime factors of w.
3
Let s(r) = r**3 + 10*r**2 + 3*r - 9. List the prime factors of s(-7).
3, 13
Let r be 4/6*1*-18. What are the prime factors of (-27 - 0)*4/r?
3
Let p be 2/(-4 + 9/2). Suppose 4*t - 88 = -2*s, 0*s + p*s - 4*t - 128 = 0. What are the prime factors of s?
2, 3
Let r = 9 + -5. Suppose -r*a - a = -35. List the prime factors of a.
7
Suppose 3*v + 20 = 8*v. List the prime factors of (-1)/(-2)*(v + 0).
2
Let g(u) = 3 - 2*u + 2*u - u. Let v be g(3). Suppose 12 = -v*i + 3*i. What are the prime factors of i?
2
Suppose -4*v + 10 = v. List the prime factors of v.
2
Let s(l) = -4*l**3 - 7*l**2 - 6*l - 3. Let v(y) = 3*y**3 + 7*y**2 + 7*y + 2. Let n(d) = 4*s(d) + 5*v(d). List the prime factors of n(8).
2, 11
Suppose 2*z - 22 = 2. Suppose 7 + z = -4*r - 3*j, -3*r - 3*j = 15. List the prime factors of 32/6*(-9)/r.
2, 3
Let f = 7 - 7. Suppose 2*q - 5*q + 90 = f. What are the prime factors of q?
2, 3, 5
Let o(i) = -i**3 - 6*i**2 + i + 6. Let l be o(-6). Let p be l + 1/((-3)/12). Let u = p - -8. What are the prime factors of u?
2
Let v(u) = u**2 + 4*u. Let i be v(-2). List the prime factors of (-155)/(-20) - 1/i.
2
Let s = 10 + 36. What are the prime factors of s?
2, 23
Let s be (1 - 0)/(6/30). Let j = s + -3. Suppose w + 18 = j*r, -4*r + 15 = 4*w - 45. What are the prime factors of r?
11
Let u(w) = 6*w**2 + 1. Let c be u(-1). Suppose -c*b - 36 = -3*b. List the prime factors of (30/b)/((-2)/3).
5
Let q = -11 - -11. Suppose u = -q*u + 2. What are the prime factors of u?
2
Suppose 0 = -4*o + 3 + 5. Suppose -5*v + 2*l + 111 = 0, -8 = -3*l - o. What are the prime factors of v?
23
Suppose 20 = -z + 3*h + 1, 2*h - 2 = -2*z. List the prime factors of 9/(-36) + (-117)/z.
29
Suppose 0*w = -3*c - 4*w + 197, 3*c - 5*w - 206 = 0. List the prime factors of c.
67
Let w(n) = n**2 - 8*n + 3. Let d be w(3). Let f = d + 20. List the prime factors of ((-27)/(-12))/(3/f).
2, 3
Suppose 4*l - 2*w = 154, -4*l - 2*w = -3*w - 155. What are the prime factors of l?
3, 13
Let i(d) be the first derivative of -d**4/12 + 2*d**3/3 + d**2 + 3*d - 3. Let k(n) be the first derivative of i(n). List the prime factors of k(4).
2
Suppose 0 = p + 2*p - 2*z - 342, -3*z = 0. List the prime factors of p.
2, 3, 19
Let l = -15 + 15. What are the prime factors of l + -2 - -17 - 2?
13
Let s(z) = 4*z + 4. What are the prime factors of s(3)?
2
Let o(u) = -u**3 - 4*u**2 + 2*u - 8. List the prime factors of o(-5).
7
Suppose 1 = -o - 2. Let n = o + 9. What are the prime factors of n?
2, 3
Let w(l) = l**2 + 3*l + 4. Let d be w(-3). Let t be 4*3 - (1 - 1). Suppose t = d*v - 0. List the prime factors of v.
3
Suppose -4*f = f. Suppose f = -4*h + 3*h + 60. Suppose h = 5*d - d. What are the prime factors of d?
3, 5
Let k = 2 + -5. What are the prime factors of ((-102)/k - 0) + -1?
3, 11
Suppose 4*g - 5 = -5*f + 3, g = -4*f + 2. What are the prime factors of -3 - (-2)/g - -17?
3, 5
Suppose 148 = 4*a + 40. Let n = -42 + a. Let w = n + 28. What are the prime factors of w?
13
Let j be (-1)/(-3) - 1450/30. List the prime factors of (5/3)/((-2)/j).
2, 5
Let i be 30/(-3)*(-4)/(-10). Let d be 1*i/(8/(-54)). List the prime factors of (2/(-2))/((-3)/d).
3
Let v(j) = j**3 + j**2 + j + 18. What are the prime factors of v(0)?
2, 3
What are the prime factors of 4/(0 + 1) - 0?
2
Suppose -2*d + 108 = 2*d. What are the prime factors of d?
3
Let c = 165 + -102. Let f = 98 - c. What are the prime factors of f?
5, 7
Suppose 5*j - 64 = j. Let a = j - 4. What are the prime factors of a?
2, 3
Suppose 9 = 2*i + i. Suppose -3*h + 42 - i = 0. List the prime factors of h.
13
Suppose 0*j - j + 66 = 0. What are the prime factors of j?
2, 3, 11
Let g = 0 + -6. Let k(r) = -4*r + 8. What are the prime factors of k(g)?
2
Let b = 2 + 0. Let s be 1 + 1*b/(-2). Suppose n - 7 + 1 = s. List the prime factors of n.
2, 3
Suppose -4 = -2*a + 2. Let c be (-5)/a*12/(-4). Suppose 0 = c*i - 2*i - 36. List the prime factors of i.
2, 3
Suppose -2*b = -591 - 219. List the prime factors of b.
3, 5
Suppose -37 = -3*s + 4*c, -63 = -4*s - 4*c + 5. List the prime factors of s.
3, 5
Let z = 15 + -9. List the prime factors of (48/(-9))/((-2